{"id":2588,"date":"2026-03-02T21:36:22","date_gmt":"2026-03-02T20:36:22","guid":{"rendered":"https:\/\/kambikes.fr\/?page_id=2588"},"modified":"2026-03-02T21:51:58","modified_gmt":"2026-03-02T20:51:58","slug":"location-velos-cargos-luc","status":"publish","type":"page","link":"https:\/\/kambikes.fr\/index.php\/location-velos-cargos-luc\/","title":{"rendered":"Location v\u00e9los cargos Luc"},"content":{"rendered":"<p>[et_pb_section fb_built=\u00a0\u00bb1&Prime; _builder_version=\u00a0\u00bb4.27.6&Prime; _module_preset=\u00a0\u00bbdefault\u00a0\u00bb background_image=\u00a0\u00bbhttps:\/\/kambikes.fr\/wp-content\/uploads\/2026\/03\/Image-2026-03-02-174433_2.2.1.png\u00a0\u00bb custom_padding=\u00a0\u00bb||451px|||\u00a0\u00bb global_colors_info=\u00a0\u00bb{}\u00a0\u00bb][et_pb_row _builder_version=\u00a0\u00bb4.27.6&Prime; _module_preset=\u00a0\u00bbdefault\u00a0\u00bb locked=\u00a0\u00bboff\u00a0\u00bb global_colors_info=\u00a0\u00bb{}\u00a0\u00bb][et_pb_column type=\u00a0\u00bb4_4&Prime; _builder_version=\u00a0\u00bb4.27.6&Prime; _module_preset=\u00a0\u00bbdefault\u00a0\u00bb global_colors_info=\u00a0\u00bb{}\u00a0\u00bb][et_pb_text _builder_version=\u00a0\u00bb4.27.6&Prime; _module_preset=\u00a0\u00bbdefault\u00a0\u00bb global_colors_info=\u00a0\u00bb{}\u00a0\u00bb]<\/p>\n<h2><span style=\"color: #000000;\">LOCATION<\/span><\/h2>\n<p>[\/et_pb_text][\/et_pb_column][\/et_pb_row][\/et_pb_section][et_pb_section fb_built=\u00a0\u00bb1&Prime; _builder_version=\u00a0\u00bb4.27.6&Prime; _module_preset=\u00a0\u00bbdefault\u00a0\u00bb global_colors_info=\u00a0\u00bb{}\u00a0\u00bb][et_pb_row _builder_version=\u00a0\u00bb4.27.6&Prime; _module_preset=\u00a0\u00bbdefault\u00a0\u00bb global_colors_info=\u00a0\u00bb{}\u00a0\u00bb][et_pb_column type=\u00a0\u00bb4_4&Prime; _builder_version=\u00a0\u00bb4.27.6&Prime; _module_preset=\u00a0\u00bbdefault\u00a0\u00bb global_colors_info=\u00a0\u00bb{}\u00a0\u00bb][et_pb_pricing_tables _builder_version=\u00a0\u00bb4.27.6&Prime; _module_preset=\u00a0\u00bbdefault\u00a0\u00bb global_colors_info=\u00a0\u00bb{}\u00a0\u00bb][et_pb_pricing_table title=\u00a0\u00bbTitre du menu\u00a0\u00bb subtitle=\u00a0\u00bbSubtitle goes Here\u00a0\u00bb currency=\u00a0\u00bb$\u00a0\u00bb sum=\u00a0\u00bb50&Prime; _builder_version=\u00a0\u00bb4.27.6&Prime; _module_preset=\u00a0\u00bbdefault\u00a0\u00bb global_colors_info=\u00a0\u00bb{}\u00a0\u00bb sticky_transition=\u00a0\u00bbon\u00a0\u00bb]+ Cette fonctionnalit\u00e9 est incluse + Cette fonctionnalit\u00e9 est incluse + Cette fonctionnalit\u00e9 est incluse + Cette fonctionnalit\u00e9 est incluse &#8211; Cette fonctionnalit\u00e9 n&rsquo;est pas incluse &#8211; Cette fonctionnalit\u00e9 n&rsquo;est pas incluse[\/et_pb_pricing_table][et_pb_pricing_table title=\u00a0\u00bbTitre du menu\u00a0\u00bb subtitle=\u00a0\u00bbSubtitle goes Here\u00a0\u00bb currency=\u00a0\u00bb$\u00a0\u00bb sum=\u00a0\u00bb50&Prime; _builder_version=\u00a0\u00bb4.27.6&Prime; _module_preset=\u00a0\u00bbdefault\u00a0\u00bb global_colors_info=\u00a0\u00bb{}\u00a0\u00bb sticky_transition=\u00a0\u00bbon\u00a0\u00bb]+ Cette fonctionnalit\u00e9 est incluse + Cette fonctionnalit\u00e9 est incluse + Cette fonctionnalit\u00e9 est incluse + Cette fonctionnalit\u00e9 est incluse &#8211; Cette fonctionnalit\u00e9 n&rsquo;est pas incluse &#8211; Cette fonctionnalit\u00e9 n&rsquo;est pas incluse[\/et_pb_pricing_table][\/et_pb_pricing_tables][\/et_pb_column][\/et_pb_row][\/et_pb_section][et_pb_section fb_built=\u00a0\u00bb1&Prime; theme_builder_area=\u00a0\u00bbpost_content\u00a0\u00bb _builder_version=\u00a0\u00bb4.27.6&Prime; _module_preset=\u00a0\u00bbdefault\u00a0\u00bb][et_pb_row _builder_version=\u00a0\u00bb4.27.6&Prime; _module_preset=\u00a0\u00bbdefault\u00a0\u00bb theme_builder_area=\u00a0\u00bbpost_content\u00a0\u00bb][et_pb_column _builder_version=\u00a0\u00bb4.27.6&Prime; _module_preset=\u00a0\u00bbdefault\u00a0\u00bb type=\u00a0\u00bb4_4&Prime; theme_builder_area=\u00a0\u00bbpost_content\u00a0\u00bb][\/et_pb_column][\/et_pb_row][\/et_pb_section]<\/p>\n","protected":false},"excerpt":{"rendered":"<p>LOCATION+ Cette fonctionnalit\u00e9 est incluse + Cette fonctionnalit\u00e9 est incluse + Cette fonctionnalit\u00e9 est incluse + Cette fonctionnalit\u00e9 est incluse &#8211; Cette fonctionnalit\u00e9 n&rsquo;est pas incluse &#8211; Cette fonctionnalit\u00e9 n&rsquo;est pas incluse+ Cette fonctionnalit\u00e9 est incluse + Cette fonctionnalit\u00e9 est incluse + Cette fonctionnalit\u00e9 est incluse + Cette fonctionnalit\u00e9 est incluse &#8211; Cette fonctionnalit\u00e9 n&rsquo;est [&hellip;]<\/p>\n","protected":false},"author":4,"featured_media":0,"parent":0,"menu_order":0,"comment_status":"closed","ping_status":"closed","template":"","meta":{"_et_pb_use_builder":"on","_et_pb_old_content":"","_et_gb_content_width":"","_monsterinsights_skip_tracking":false,"_monsterinsights_sitenote_active":false,"_monsterinsights_sitenote_note":"","_monsterinsights_sitenote_category":0,"footnotes":""},"class_list":["post-2588","page","type-page","status-publish","hentry"],"yoast_head":"<!-- This site is optimized with the Yoast SEO plugin v27.3 - https:\/\/yoast.com\/product\/yoast-seo-wordpress\/ -->\n<title>Location v\u00e9los cargos Luc - Kambikes<\/title>\n<meta name=\"description\" content=\"%\" \/>\n<meta name=\"robots\" content=\"index, follow, max-snippet:-1, max-image-preview:large, max-video-preview:-1\" \/>\n<link rel=\"canonical\" href=\"https:\/\/kambikes.fr\/index.php\/location-velos-cargos-luc\/\" \/>\n<meta property=\"og:locale\" content=\"fr_FR\" \/>\n<meta property=\"og:type\" content=\"article\" \/>\n<meta property=\"og:title\" content=\"Location v\u00e9los cargos Luc - Kambikes\" \/>\n<meta property=\"og:description\" content=\"%\" \/>\n<meta property=\"og:url\" content=\"https:\/\/kambikes.fr\/index.php\/location-velos-cargos-luc\/\" \/>\n<meta property=\"og:site_name\" content=\"Kambikes\" \/>\n<meta property=\"article:publisher\" content=\"https:\/\/www.facebook.com\/Kambikes-1998969236892658\/\" \/>\n<meta property=\"article:modified_time\" content=\"2026-03-02T20:51:58+00:00\" \/>\n<meta name=\"twitter:card\" content=\"summary_large_image\" \/>\n<meta name=\"twitter:label1\" content=\"Dur\u00e9e de lecture estim\u00e9e\" \/>\n\t<meta name=\"twitter:data1\" content=\"2 minutes\" \/>\n<script type=\"application\/ld+json\" class=\"yoast-schema-graph\">{\"@context\":\"https:\\\/\\\/schema.org\",\"@graph\":[{\"@type\":\"WebPage\",\"@id\":\"https:\\\/\\\/kambikes.fr\\\/index.php\\\/location-velos-cargos-luc\\\/\",\"url\":\"https:\\\/\\\/kambikes.fr\\\/index.php\\\/location-velos-cargos-luc\\\/\",\"name\":\"Location v\u00e9los cargos Luc - Kambikes\",\"isPartOf\":{\"@id\":\"https:\\\/\\\/kambikes.fr\\\/#website\"},\"datePublished\":\"2026-03-02T20:36:22+00:00\",\"dateModified\":\"2026-03-02T20:51:58+00:00\",\"description\":\"%\",\"breadcrumb\":{\"@id\":\"https:\\\/\\\/kambikes.fr\\\/index.php\\\/location-velos-cargos-luc\\\/#breadcrumb\"},\"inLanguage\":\"fr-FR\",\"potentialAction\":[{\"@type\":\"ReadAction\",\"target\":[\"https:\\\/\\\/kambikes.fr\\\/index.php\\\/location-velos-cargos-luc\\\/\"]}]},{\"@type\":\"BreadcrumbList\",\"@id\":\"https:\\\/\\\/kambikes.fr\\\/index.php\\\/location-velos-cargos-luc\\\/#breadcrumb\",\"itemListElement\":[{\"@type\":\"ListItem\",\"position\":1,\"name\":\"Accueil\",\"item\":\"https:\\\/\\\/kambikes.fr\\\/\"},{\"@type\":\"ListItem\",\"position\":2,\"name\":\"Location v\u00e9los cargos Luc\"}]},{\"@type\":\"WebSite\",\"@id\":\"https:\\\/\\\/kambikes.fr\\\/#website\",\"url\":\"https:\\\/\\\/kambikes.fr\\\/\",\"name\":\"Kambikes\",\"description\":\"Le v\u00e9lo cargo alsaco made in france\",\"publisher\":{\"@id\":\"https:\\\/\\\/kambikes.fr\\\/#organization\"},\"potentialAction\":[{\"@type\":\"SearchAction\",\"target\":{\"@type\":\"EntryPoint\",\"urlTemplate\":\"https:\\\/\\\/kambikes.fr\\\/?s={search_term_string}\"},\"query-input\":{\"@type\":\"PropertyValueSpecification\",\"valueRequired\":true,\"valueName\":\"search_term_string\"}}],\"inLanguage\":\"fr-FR\"},{\"@type\":\"Organization\",\"@id\":\"https:\\\/\\\/kambikes.fr\\\/#organization\",\"name\":\"KamBikes\",\"url\":\"https:\\\/\\\/kambikes.fr\\\/\",\"logo\":{\"@type\":\"ImageObject\",\"inLanguage\":\"fr-FR\",\"@id\":\"https:\\\/\\\/kambikes.fr\\\/#\\\/schema\\\/logo\\\/image\\\/\",\"url\":\"https:\\\/\\\/kambikes.fr\\\/wp-content\\\/uploads\\\/2022\\\/02\\\/Kambikes-logo1.png\",\"contentUrl\":\"https:\\\/\\\/kambikes.fr\\\/wp-content\\\/uploads\\\/2022\\\/02\\\/Kambikes-logo1.png\",\"width\":1047,\"height\":1012,\"caption\":\"KamBikes\"},\"image\":{\"@id\":\"https:\\\/\\\/kambikes.fr\\\/#\\\/schema\\\/logo\\\/image\\\/\"},\"sameAs\":[\"https:\\\/\\\/www.facebook.com\\\/Kambikes-1998969236892658\\\/\",\"https:\\\/\\\/www.instagram.com\\\/kambikes_le_velo_alsaco\\\/\"]}]}<\/script>\n<!-- \/ Yoast SEO plugin. -->","yoast_head_json":{"title":"Location v\u00e9los cargos Luc - Kambikes","description":"%","robots":{"index":"index","follow":"follow","max-snippet":"max-snippet:-1","max-image-preview":"max-image-preview:large","max-video-preview":"max-video-preview:-1"},"canonical":"https:\/\/kambikes.fr\/index.php\/location-velos-cargos-luc\/","og_locale":"fr_FR","og_type":"article","og_title":"Location v\u00e9los cargos Luc - Kambikes","og_description":"%","og_url":"https:\/\/kambikes.fr\/index.php\/location-velos-cargos-luc\/","og_site_name":"Kambikes","article_publisher":"https:\/\/www.facebook.com\/Kambikes-1998969236892658\/","article_modified_time":"2026-03-02T20:51:58+00:00","twitter_card":"summary_large_image","twitter_misc":{"Dur\u00e9e de lecture estim\u00e9e":"2 minutes"},"schema":{"@context":"https:\/\/schema.org","@graph":[{"@type":"WebPage","@id":"https:\/\/kambikes.fr\/index.php\/location-velos-cargos-luc\/","url":"https:\/\/kambikes.fr\/index.php\/location-velos-cargos-luc\/","name":"Location v\u00e9los cargos Luc - Kambikes","isPartOf":{"@id":"https:\/\/kambikes.fr\/#website"},"datePublished":"2026-03-02T20:36:22+00:00","dateModified":"2026-03-02T20:51:58+00:00","description":"%","breadcrumb":{"@id":"https:\/\/kambikes.fr\/index.php\/location-velos-cargos-luc\/#breadcrumb"},"inLanguage":"fr-FR","potentialAction":[{"@type":"ReadAction","target":["https:\/\/kambikes.fr\/index.php\/location-velos-cargos-luc\/"]}]},{"@type":"BreadcrumbList","@id":"https:\/\/kambikes.fr\/index.php\/location-velos-cargos-luc\/#breadcrumb","itemListElement":[{"@type":"ListItem","position":1,"name":"Accueil","item":"https:\/\/kambikes.fr\/"},{"@type":"ListItem","position":2,"name":"Location v\u00e9los cargos Luc"}]},{"@type":"WebSite","@id":"https:\/\/kambikes.fr\/#website","url":"https:\/\/kambikes.fr\/","name":"Kambikes","description":"Le v\u00e9lo cargo alsaco made in france","publisher":{"@id":"https:\/\/kambikes.fr\/#organization"},"potentialAction":[{"@type":"SearchAction","target":{"@type":"EntryPoint","urlTemplate":"https:\/\/kambikes.fr\/?s={search_term_string}"},"query-input":{"@type":"PropertyValueSpecification","valueRequired":true,"valueName":"search_term_string"}}],"inLanguage":"fr-FR"},{"@type":"Organization","@id":"https:\/\/kambikes.fr\/#organization","name":"KamBikes","url":"https:\/\/kambikes.fr\/","logo":{"@type":"ImageObject","inLanguage":"fr-FR","@id":"https:\/\/kambikes.fr\/#\/schema\/logo\/image\/","url":"https:\/\/kambikes.fr\/wp-content\/uploads\/2022\/02\/Kambikes-logo1.png","contentUrl":"https:\/\/kambikes.fr\/wp-content\/uploads\/2022\/02\/Kambikes-logo1.png","width":1047,"height":1012,"caption":"KamBikes"},"image":{"@id":"https:\/\/kambikes.fr\/#\/schema\/logo\/image\/"},"sameAs":["https:\/\/www.facebook.com\/Kambikes-1998969236892658\/","https:\/\/www.instagram.com\/kambikes_le_velo_alsaco\/"]}]}},"jetpack_sharing_enabled":true,"_links":{"self":[{"href":"https:\/\/kambikes.fr\/index.php\/wp-json\/wp\/v2\/pages\/2588","targetHints":{"allow":["GET"]}}],"collection":[{"href":"https:\/\/kambikes.fr\/index.php\/wp-json\/wp\/v2\/pages"}],"about":[{"href":"https:\/\/kambikes.fr\/index.php\/wp-json\/wp\/v2\/types\/page"}],"author":[{"embeddable":true,"href":"https:\/\/kambikes.fr\/index.php\/wp-json\/wp\/v2\/users\/4"}],"replies":[{"embeddable":true,"href":"https:\/\/kambikes.fr\/index.php\/wp-json\/wp\/v2\/comments?post=2588"}],"version-history":[{"count":5,"href":"https:\/\/kambikes.fr\/index.php\/wp-json\/wp\/v2\/pages\/2588\/revisions"}],"predecessor-version":[{"id":2649,"href":"https:\/\/kambikes.fr\/index.php\/wp-json\/wp\/v2\/pages\/2588\/revisions\/2649"}],"wp:attachment":[{"href":"https:\/\/kambikes.fr\/index.php\/wp-json\/wp\/v2\/media?parent=2588"}],"curies":[{"name":"wp","href":"https:\/\/api.w.org\/{rel}","templated":true}]}}